ase 7, what is -323323 - -4?
-323316
In base 10, what is 382 + -903?
-521
In base 2, what is 10001011111110 - -1?
10001011111111
In base 9, what is 8 - -283217?
283226
In base 3, what is -11022 - 100122?
-111221
In base 7, what is -36455 - -1151?
-35304
In base 13, what is 10b2 + -19?
1096
In base 13, what is 12347 + 0?
12347
In base 10, what is -20366 + 72?
-20294
In base 11, what is 69 - 262?
-1a4
In base 13, what is 8 + -3616?
-360b
In base 7, what is 0 - 33644?
-33644
In base 7, what is -426 - 252?
-1011
In base 9, what is 43547 - 10?
43537
In base 12, what is -495a1 - 0?
-495a1
In base 6, what is -123 + 202250?
202123
In base 11, what is 2268a + 4?
22693
In base 5, what is -30 + 221221?
221141
In base 16, what is -268 + -31?
-299
In base 11, what is -675 + -31?
-6a6
In base 2, what is -101000100 + 110000000?
111100
In base 4, what is -12012323 - 1?
-12012330
In base 12, what is -47 - 1b73?
-1bba
In base 9, what is 0 - -1417746?
1417746
In base 7, what is 10214114 + -4?
10214110
In base 16, what is bb + -1?
ba
In base 12, what is -491 - -27?
-466
In base 13, what is -6 + 16255?
1624c
In base 11, what is 142 - 4467?
-4325
In base 13, what is b71 - -19?
b8a
In base 2, what is -11 + 1011100000001?
1011011111110
In base 3, what is -1 - -2101010010?
2101010002
In base 5, what is -123 + 4030031?
4024403
In base 13, what is 771 + 308?
a79
In base 9, what is 30 + -6157?
-6127
In base 14, what is -1852 + -3a?
-188c
In base 12, what is -44 + 47a?
436
In base 2, what is -1010011110001001 + 101?
-1010011110000100
In base 11, what is 7 - 2432a0?
-243294
In base 7, what is -26 - -13512?
13453
In base 10, what is -26 - 15560?
-15586
In base 10, what is 18 + -244781?
-244763
In base 6, what is 0 + 154014?
154014
In base 3, what is -122 - 10221220?
-10222112
In base 2, what is 10001100 + 11010110001110?
11011000011010
In base 14, what is -117392 + 2?
-117390
In base 13, what is 190 + 0?
190
In base 14, what is 2bb + -4dc?
-221
In base 15, what is b - 1cda?
-1cce
In base 2, what is 1110111 + -10111100?
-1000101
In base 10, what is -346577 + 0?
-346577
In base 15, what is 3e + -7ad?
-76e
In base 10, what is 0 + 133789?
133789
In base 14, what is -638d9 - 3?
-638dc
In base 3, what is -200020022222 + -12?
-200020100011
In base 3, what is -1121 + -1000222?
-1002120
In base 15, what is 1b - 1188e?
-11873
In base 3, what is 120112 + -10112010?
-2221121
In base 5, what is -1111113 - -11?
-1111102
In base 6, what is 50541 + -3?
50534
In base 3, what is 221221 + 102001?
1100222
In base 16, what is 2 - -1ab12?
1ab14
In base 4, what is 3 + -10310223?
-10310220
In base 3, what is -10120112 + 1020?
-10112022
In base 4, what is 103021030200 + 3?
103021030203
In base 2, what is -1011101111001 - 1100101?
-1011111011110
In base 9, what is 47 + 4016?
4064
In base 15, what is -2663a + -2?
-2663c
In base 14, what is -24 - -21cb?
21a7
In base 6, what is 2 + 34421?
34423
In base 9, what is -10 - -272?
262
In base 12, what is -17 + 4384?
4369
In base 6, what is -100 - -14504?
14404
In base 14, what is -192 + -3c4?
-576
In base 16, what is 1b78 - 43?
1b35
In base 11, what is -3 + -6a83?
-6a86
In base 7, what is 104 + -15?
56
In base 8, what is -5 + 352667?
352662
In base 6, what is 11301 + 1123?
12424
In base 6, what is -5542 - 3533?
-13515
In base 11, what is 1 - -2061?
2062
In base 16, what is 14b - 38?
113
In base 2, what is -110100001111 + 11000?
-110011110111
In base 6, what is -112 + -113124?
-113240
In base 15, what is -6 + 1439?
1433
In base 3, what is 102021 - -102001?
211022
In base 8, what is 1012 - -4014?
5026
In base 6, what is -2 + 3051512?
3051510
In base 12, what is 174 + 135?
2a9
In base 5, what is -34041021 - -4?
-34041012
In base 3, what is 110120 + -110202121?
-110022001
In base 5, what is -22410 + 141?
-22214
In base 11, what is -4 + -323838?
-323841
In base 16, what is -401 - 17?
-418
In base 7, what is -230 - 2323?
-2553
In base 9, what is 1 - 146026?
-146025
In base 15, what is 304c2 - 10?
304b2
In base 4, what is 12201110 + -130?
12200320
In base 7, what is 52 + -3223?
-3141
In base 3, what is -1211 + -11111?
-20022
In base 12, what is 3650 - 12?
363a
In base 3, what is -122 + -1201111?
-1202010
In base 9, what is -28 - 2156?
-2185
In base 14, what is dc8 + 101?
10c9
In base 6, what is -250112 - -11?
-250101
In base 2, what is 11000000111101 - 1000000?
10111111111101
In base 10, what is -2 - -7492?
7490
In base 15, what is -8 + -92c?
-935
In base 14, what is -548aa + -1?
-548ab
In base 16, what is fb + 2e?
129
In base 16, what is -13 - -81a7?
8194
In base 15, what is 101c9d + -5?
101c98
In base 5, what is 3 - 4004421?
-4004413
In base 7, what is -24 - 62503?
-62530
In base 7, what is 123 + 12100?
12223
In base 6, what is 22302 + 534?
23240
In base 14, what is 232 - -10a7?
12d9
In base 12, what is 3 - 7566?
-7563
In base 16, what is -56 + 4c0?
46a
In base 5, what is 1002 + 2233?
3240
In base 5, what is 112031 - -21?
112102
In base 11, what is -3557 + 25?
-3532
In base 9, what is -15162 + -27?
-15200
In base 3, what is -11 - -11000022?
11000011
In base 10, what is -126 - -703?
577
In base 6, what is 2543 - 450?
2053
In base 12, what is -1 - -41250?
4124b
In base 5, what is -32 + 12301443?
12301411
In base 16, what is -2f + 750?
721
In base 12, what is -2241a2 + 2?
-2241a0
In base 8, what is -356 - -270?
-66
In base 15, what is 17 + 442?
459
In base 4, what is 3 + -13200011?
-13200002
In base 7, what is -430 - -60225?
56465
In base 8, what is 1 + -14331?
-14330
In base 10, what is 963 - -29?
992
In base 2, what is 10011 - 111011?
-101000
In base 7, what is 3 + 35022?
35025
In base 10, what is 16 - 92?
-76
In base 4, what is 110100102 - 11?
110100031
In base 3, what is 1010201000 - -2?
1010201002
In base 11, what is a + -9a9a?
-9a90
In base 10, what is 5 - -685305?
685310
In base 14, what is -6a3 - -15?
-68c
In base 16, what is d8 - 72b?
-653
In base 3, what is -1022110212102 - 22?
-1022110212201
In base 13, what is -416 - 33?
-449
In base 10, what is -8 + -118078?
-118086
In base 3, what is -12 + -2121001022?
-2121001111
In base 4, what is -33102 + -12110?
-111212
In base 7, what is -4 - 155203?
-155210
In base 8, what is 17 - -50512?
50531
In base 14, what is 16aa + 21?
16cb
In base 3, what is -2 - 110?
-112
In base 9, what is -5564 - 4?
-5568
In base 12, what is -44b7 + 13b?
-4378
In base 10, what is 18 - 5114?
-5096
In base 14, what is -1b7 - -4a?
-16b
In base 7, what is -10 + 254265?
254255
In base 8, what is -2 - 232653?
-232655
In base 5, what is -24 - 140210?
-140234
In base 12, what is 1 - 14974?
-14973
In base 5, what is 0 + 2234444?
2234444
In base 10, what is 393 + -5?
388
In base 15, what is -3b47 - 133?
-3c7a
In base 7, what is 2260 + 241?
2531
In base 7, what is -1 - -241325?
241324
In base 2, what is -1100001001011010 + 10110011?
-1100000110100111
In base 13, what is -161cab5 + 2?
-161cab3
In base 15, what is 5c + -4a68?
-4a0b
In base 4, what is 0 + 1223212?
1223212
In base 6, what is 4 + 114441?
114445
In base 6, what is -151140 + 103?
-151033
In base 9, what is -13677 - -3?
-13674
In base 8, what is 16602 - -35?
16637
In base 16, what is -6 + -1aaa?
-1ab0
In base 5, what is 131 + 4332231?
4332412
In base 13, what is -482 + -40?
-4c2
In base 13, what is -1 + -1b65?
-1b66
In base 13, what is c4a0c - 0?
c4a0c
In base 14, what is 27a + -2a3?
-27
In base 9, what is 1018 - -252?
1271
In base 10, what is 15 - -26160?
26175
In base 8, what is -41 - -66137?
66076
In base 3, what is 10021 + -12?
10002
In base 13, what is 327 - -348?
672
In base 14, what is 262 - -23d?
4a1
In base 4, what is -101020321 - -2?
-101020313
In base 2, what is -11101 + -100010100101101?
-100010101001010
In base 6, what is -513 + -103141?
-104054
In base 13, what is 7 - 3a64?
-3a5a
In base 8, what is -10 - -163157?
163147
In base 10, what is -805953 + 3?
-805950
In base 16, what is 11e2 - 2?
11e0
In base 10, what is -2 - 733399?
-733401
In base 3, what is 211 - -1101102011?
1101102222
In base 6, what is 0 - 22524241?
-22524241
In base 8, what is 1 + 3770206?
3770207
In base 14, what is 2 + -1287?
-1285
In base 7, what is -10 - -33654?
33644
In base 14, what is 3a5ab2 + 0?
3a5ab2
In base 14, what is -5 + 238859?
238854
In base 8, what is -3 - 161777?
-162002
In base 3, wha